Let f(w) = -t - w**2 + 11 + 8*w - 3. Calculate f(6).
8
Let z be -1*11/(33/6) + 3. Let v(c) = 4*c**3 - 2*c**2 + 3*c - 2. What is v(z)?
3
Let f(y) = y**3 + 3*y**2 + 3*y + 1. Let d(t) = 2*t**2 + 2 - t - 4 + 4 - 50*t**3 - 47*t**3 + 92*t**3. Let s be d(1). Determine f(s).
-1
Let n(z) = 8 - z**3 - 76*z**2 + 3*z + 146*z**2 - 76*z**2. Let o be (18/21)/(-2 - (-52)/28). What is n(o)?
-10
Let o be (5/15)/((-2)/30) + (-17)/(-3). Let n(h) be the first derivative of -h**2 + o*h**3 + 14 + h + 7/4*h**4. Calculate n(1).
8
Let j(a) = -4*a - 90. Let y(p) = 15*p + 285. Let i(r) = 10*j(r) + 3*y(r). What is i(12)?
15
Let i(d) = 2*d**3 + 38*d**2 - 3*d - 22. Let l(v) = 225*v - 469. Let g be l(2). Determine i(g).
35
Let j(p) = 90426*p + 11 + 23 - 2 - 90420*p + 4. Give j(0).
36
Let b(o) = -7*o + 1. Let l(n) = 9*n - 2. Let u = -108 + 112. Let f(g) = u*b(g) + 3*l(g). Determine f(5).
-7
Let w(c) = 15*c - 7. Let p(l) = -39*l + 21. Let o(q) = 4*p(q) + 11*w(q). Let r(t) = 3*t**3 + 10*t**2 + 5*t + 10. Let h be r(-3). Calculate o(h).
43
Let w(y) be the first derivative of -y**4/4 - 7*y**3/3 - y**2/2 + 22*y - 854. Determine w(-6).
-8
Let l(m) = m**2 - 4*m - 2. Suppose 6*x - 74 = 4*w - 18, 33 = 3*x + 3*w. Determine l(x).
58
Suppose 0*d - 3*v - 16 = -2*d, 0 = -4*d + 3*v + 20. Let x(b) = -4*b - 23581*b**d + 23576*b**2 - 3*b**3 + 4*b**3 - 4. Calculate x(6).
8
Let v(a) = a**2 + 6*a - 5. Suppose -4*z - u + 15 = 0, 0*u - 3*u - 15 = 0. Suppose -4*n - 34 = 3*d, 0 = -z*d + n + 2*n - 18. Determine v(d).
-5
Let a be (-6)/(55/(-44) - (-1)/4). Let j(n) = a*n + 12 - 5*n + 2*n + n - 2*n. Give j(-9).
-6
Suppose p + 2*p = -5*w - 19, 27 = -4*p - 5*w. Let q = -11 - p. Let k(n) = 2*n**3 - 3*n**3 - 2 - 4*n**2 - 41*n + 38*n. Determine k(q).
-2
Suppose -5*i - 758 = k - 766, -3*i - 48 = 5*k. Let d(h) = h**3 + 0*h + 0*h + 2 + 12*h**2. What is d(k)?
2
Let o(d) = -2*d**2 - 10*d - 6. Let n be o(-1). Suppose n*f - 4 = -z - 1, z - 5 = 0. Let h(s) = 31*s**2 + 1. Determine h(f).
32
Let j(s) = 17*s + 5. Let g(q) = 6*q + 2. Let i(o) = -8*g(o) + 3*j(o). Let f be i(2). Suppose f*a - 4*a = 10. Let l(u) = -u + 11. Calculate l(a).
1
Let t(n) be the first derivative of 3*n**2 + n + 1. Let p be (-53040)/17940 + 2/(-46). Calculate t(p).
-17
Let r(b) = -b**3 + 7*b**2 - b + 3. Let d(l) = -l**2 + 17*l + 67. Suppose -9*i + 252 - 72 = 0. Let v be d(i). Determine r(v).
-4
Let j(p) = -6*p - 25 + 21*p - 81 - 10*p. Let r be j(20). Let x(q) = 0*q + 1 - 15 - 1 - 3*q. Give x(r).
3
Let h(m) = -m**3 - 14*m**2 + 51*m + 4. Let y be h(-17). Let n(d) = 86*d - 354. Give n(y).
-10
Let q = -2526 - -2519. Let l(h) = h**2 + 3*h - 10. Suppose -3*s = -6*s + 9. Let t(x) = -2*x**2 - 7*x + 20. Let r(i) = s*t(i) + 5*l(i). Determine r(q).
3
Let u(g) = 122*g - 23054. Let f be u(189). Suppose 3*p + 26 - 7 = 5*h, -4*h - 3*p = 1. Let d(x) = 0*x**3 + 3 + 5*x**2 - 6*x + x**3 - h*x**3. Give d(f).
-5
Let d(q) = -6*q - 1. Let a be d(-1). Let v be -45*-1*3/a. Let k = 20 - v. Let j(i) = -i - 10. Determine j(k).
-3
Let a(i) = -2*i - 1081*i**2 + 3 - 5 - 1085*i**2 + 2169*i**2. Let g be 6/(-18) - (-7)/3. Calculate a(g).
6
Suppose 12*h + 5*n + 1035 = 985, -3*h - 21 = -3*n. Let o(u) = -5*u**2 - 3*u - 2. Let s(c) = 4*c**2 + 3*c + 1. Let p(m) = 3*o(m) + 4*s(m). Determine p(h).
8
Let v be ((-2)/6)/((-2)/6). Let l be 3 - -5*(-2 + v) - -10. Suppose 2*g - l = g. Let j(h) = h**3 - 8*h**2 - h + 11. What is j(g)?
3
Let x(t) = t - 1. Let d be x(-4). Let m(o) be the third derivative of 0*o**3 + o**2 + 0*o - 1/120*o**6 - 1/15*o**5 + 0 + 1/4*o**4. Determine m(d).
-5
Let a = -22 + 20. Let g(c) be the second derivative of c**5/20 - c**4/3 - 2*c**3/3 - c**2 - 90*c. Determine g(a).
-18
Let t(g) = -6*g - 1. Let q be (-2 + 1)/(3/(-12)). Let w be q/(-34) + (-285)/323. Determine t(w).
5
Let p be (30/12)/((-5)/(-12)). Suppose -6*c - p*c - 48 = 0. Let u(h) = h**3 + 5*h**2 + h - 1. Give u(c).
11
Let d(h) = 67*h - 37. Let p(g) = -g**2 + 29*g - 2. Let s(t) = -d(t) + 3*p(t). Determine s(8).
-1
Let z(p) = -p**2 - 7*p - 11. Suppose 2*c = 79 + 23. Let f = 49 - c. Let b be z(f). Let l(j) = -5*j**3 - j**2 - j - 1. Give l(b).
4
Suppose 19*w - 70 = 5*w. Let d(s) = s. Let k(a) be the second derivative of 2*a**3/3 - 2*a**2 + a. Let x(h) = w*d(h) - k(h). What is x(-4)?
0
Suppose 0 = -5*r - d - 11, 201*d = -r + 196*d + 17. Let q(s) = 3*s - 3. What is q(r)?
-12
Let c(l) = 51*l - 403. Let j be c(8). Let p(q) = -3*q**2 + 18*q - 11. Calculate p(j).
4
Suppose 5*k = -2*v - 206, v - 4*k + 103 = -0*v. Let j = v + 108. Let d(o) = 0 - 6 - 1 + 4 + 2*o. Calculate d(j).
7
Suppose 4*h = 3*f + 14, -2*h - h + 3*f + 12 = 0. Let a(i) = -33 + 55 + 2*i**3 + 2*i**h + 0*i - 2*i - 25. Suppose -6 = 3*r - 0. What is a(r)?
-7
Let b(u) be the second derivative of -27*u**5/10 + u**4/12 - 2*u**3/3 + 3*u**2/2 - 2165*u. Give b(1).
-54
Let n(u) be the second derivative of -u**3/2 - 3*u**2/2 + 383*u. Suppose 2*p - 19 = -13. Let t be (-1)/((-1)/(6 - p)). What is n(t)?
-12
Let f(x) be the third derivative of -x**5/30 - 7*x**4/24 - x**3/6 + 4*x**2. Let h = -2770 - -2765. Give f(h).
-16
Suppose -4*f + 5*f - 4 = -2*s, 0 = 10*f - 13*f. Let p(a) be the second derivative of -33*a + s*a**2 - 5/12*a**4 - 4/3*a**3 + 1/20*a**5 + 0. Calculate p(6).
-8
Let a(y) = 2*y + 3*y + 2 + y**3 - 4*y**2 - 2*y. Let m(d) = d**3 + 4*d**2 + 4*d + 31. Let g be m(-7). Let l = 148 + g. What is a(l)?
14
Let h(d) = 4*d + 7. Suppose -v - 18 = -2*a - 1, -2*a - 25 = v. Let y be (v/6)/((-1)/(-2)). What is h(y)?
-21
Let a = -43 + 27. Let q = a + 30. Suppose q*p + 15 = 19*p. Let d(j) = -j - 3. Determine d(p).
-6
Let i(t) = -11*t**3 + 3*t**2 + 2*t. Let c be 0/21 + (-1 - 4 - -4). Determine i(c).
12
Let s(k) be the second derivative of 3/2*k**2 + 0 - 1/60*k**5 + 5/24*k**4 - k + 4/3*k**3. Let m(h) be the first derivative of s(h). Determine m(7).
-6
Suppose -4*o + 18 = 3*z, -17 = -2*z + 9*o - 5. Let d(m) = -m**3 + 6*m**2 + 4*m - 14. Give d(z).
10
Let s(d) = -d**3 + 14*d**2 + 238*d + 55. Let n be s(24). Let q(j) = -6*j + 46. What is q(n)?
4
Let m(s) = -71504*s**2 + 1 + 3*s + 71517*s**2 + s**3 + 0 + 9*s. Calculate m(-12).
1
Suppose -4*z + r - 5 = -7, -3*z - 8 = 4*r. Let m(f) = 293 + 0*f**2 + f**3 - f**2 + 296 - 586. Determine m(z).
3
Let s(p) = -6*p**2 + 53*p + 9. Let k = -153 + 162. Let y be s(k). Let d(a) = -a**3 + 31. Determine d(y).
31
Let l = -2 + 12. Let j(b) = 10 - l - 2*b + 17 + 0*b. Let v be j(7). Let g(f) = 3*f + 3. Calculate g(v).
12
Let y = -4 - 0. Let k = y + 1. Let s(j) be the first derivative of -j**4/4 - 2*j**3/3 + 2*j**2 + j + 35053. Give s(k).
-2
Let x = 61 - 56. Let g(d) = -4*d + 12. Let i(s) be the second derivative of -s**3/3 + 3*s**2 - 9*s. Let k(t) = 2*g(t) - 5*i(t). Calculate k(x).
4
Let u(d) = d**3 - 7*d**2 + 8*d - 2. Let x be u(6). Suppose -2*t - l - l = -x, -3*t - 2*l + 14 = 0. Let b(s) = s**2 - 4*s - 3. What is b(t)?
-3
Let c = 2134 + -2143. Let b(v) = -v**3 - 7*v**2 + 10*v + 11. Give b(c).
83
Let c be (-14)/70 - ((-12)/(-15) + -3). Let k(s) = 6 - 21*s**c - 23*s**2 + 5*s + 1 + 45*s**2 - 2. Calculate k(-4).
1
Let r(x) = 11*x - 2. Let j(u) = -15*u + 6. Let l(c) = 2*j(c) + 3*r(c). Let s be ((-12)/(-3)*1)/(4/(-6)). Give l(s).
-12
Suppose -2*n - 176 + 34 = 0. Let o = n - -73. Suppose -4*d - 3 - 5 = -2*r, -3*d - 20 = o*r. Let m(f) = -f**3 - 4*f**2 - 2*f - 5. What is m(d)?
3
Let d(l) be the third derivative of l**5/60 + 7*l**4/24 + 5*l**3/6 + 2*l**2. Let p = -48 - -36. Let t be (-6)/12*p - 10. Calculate d(t).
-7
Let g(u) be the first derivative of 5/2*u**2 + 10*u + 138. Determine g(-7).
-25
Suppose 5*m - 2*t = 0, m + m = -3*t. Let v(x) = 2 - 4*x - 3*x + 6*x + m*x. Calculate v(2).
0
Let j be 4 + 226/(-6)*-6. Let k = j - 229. Let n(a) be the third derivative of a**4/12 + a**3/6 - a**2. Give n(k).
3
Let b(o) = 2 + 6 - 3*o - o. Let h(i) be the first derivative of -3*i**2/2 + 9*i - 3092. Let t(q) = -2*b(q) + 3*h(q). Determine t(5).
6
Let j(h) = -h**3 + 8*h**2 + 6704*h - 66850. Let u be j(10). Let b(w) be the third derivative of -w**5/60 - w**4/6 + w**3/6 - w**2. What is b(u)?
-59
Let p(x) = -3*x + 13. Let g = 56 + -18. Suppose -28 - g = -11*t. Determine p(t).
-5
Let m(w) = -498*w**2 - 6 + 434*w**2 + 0 + 23*w + 3 - 19*w. What is m(1)?
-63
Let d(v) = 3*v**3 + 14*v**2 - 9*v - 25. Let h(z) = -z**3 + 84*z**2 + 164*z + 683. Let n be h(86). Give d(n).
-5
Suppose 55*z 